s -3 + -54622969?
-54622970
In base 12, what is -96a0 - 44b2?
-11b92
In base 13, what is 6 - -504b687?
504b690
In base 10, what is -2854 - -547?
-2307
In base 15, what is 13630 + 433?
13a63
In base 6, what is -3 - -1052140420?
1052140413
In base 10, what is -14 + -473844?
-473858
In base 12, what is -3a95b + -227?
-3ab86
In base 12, what is -10 + -89036b?
-89037b
In base 4, what is 3133 - 1030123022?
-1030113223
In base 15, what is 10d - -4d09?
4e17
In base 4, what is -131131003023 - -1?
-131131003022
In base 10, what is 4368731 + 4?
4368735
In base 3, what is -10001100002 - -1011202012?
-1212120220
In base 3, what is 2212101 - 212221002?
-210001201
In base 16, what is 7d - c2794?
-c2717
In base 3, what is -1121020120 - -20022222?
-1100220121
In base 4, what is 1202 + -2230122002?
-2230120200
In base 10, what is -2 + 19965195?
19965193
In base 16, what is -3 + 202aee7?
202aee4
In base 9, what is -1106 - -16652?
15545
In base 10, what is 10865 + -187?
10678
In base 14, what is 8c342 + -a?
8c336
In base 3, what is 2111201 + -12201002?
-10012101
In base 14, what is -53ca - -5178?
-252
In base 3, what is -12 - 11221210221001?
-11221210221020
In base 6, what is 124413 - 1112511?
-544054
In base 5, what is 33224000422 + 2?
33224000424
In base 13, what is -ca445a - 4?
-ca4461
In base 12, what is 369b0 - 83?
36929
In base 8, what is -114767 + 201?
-114566
In base 5, what is -24402100341 + -20?
-24402100411
In base 15, what is -c + ecb43?
ecb36
In base 13, what is 8275 + -2908?
566a
In base 15, what is -4 - 48b6cb1?
-48b6cb5
In base 7, what is 1455 + -46014?
-44226
In base 3, what is -2 + 111002101002021021?
111002101002021012
In base 8, what is 5571557 - -1?
5571560
In base 2, what is 1111001010111011 + -11110110000011?
1011010100111000
In base 2, what is 1010111110010 - 110100011?
1010001001111
In base 8, what is -25 + -22550276?
-22550323
In base 3, what is 100211210 - -100021020010?
100122001220
In base 2, what is -1001010011 + 11110000010101?
11100111000010
In base 13, what is -3 + -1792b3c?
-1792b42
In base 13, what is 90a1603 + -1?
90a1602
In base 10, what is 2659 - 38860?
-36201
In base 11, what is 5 - -1a8a162?
1a8a167
In base 11, what is 315582 - 3?
31557a
In base 16, what is -5 - f08696?
-f0869b
In base 9, what is 1333570 + 10?
1333580
In base 15, what is -21 - -8d65b?
8d63a
In base 5, what is 11 - 1001320104?
-1001320043
In base 11, what is -1502 - 47206?
-48708
In base 10, what is -2 - -19632635?
19632633
In base 7, what is 2141146 - 133?
2141013
In base 5, what is 133423431 - -1213?
133430144
In base 2, what is 10110101000010000111 + 101?
10110101000010001100
In base 7, what is -243 - -1054032?
1053456
In base 16, what is 5 - 464bb51?
-464bb4c
In base 4, what is -31 + -12021232033?
-12021232130
In base 9, what is -124 - -121142?
121017
In base 3, what is -1 - -12012221012001?
12012221012000
In base 13, what is -4 + 1ac7a563?
1ac7a55c
In base 2, what is 1 + -11101111000000100100101110?
-11101111000000100100101101
In base 9, what is -7031751 - -18?
-7031732
In base 16, what is -48b + -993?
-e1e
In base 5, what is -2 - 11432232121?
-11432232123
In base 14, what is -13a81b0 - -3?
-13a81ab
In base 15, what is -3 - dad21?
-dad24
In base 15, what is d - -2bd4e9?
2bd507
In base 8, what is -1501223141 + -1?
-1501223142
In base 8, what is 0 + 423517635?
423517635
In base 3, what is 0 - -201101220211200?
201101220211200
In base 16, what is -a6a8 - 27a2?
-ce4a
In base 9, what is -263688287 + -3?
-263688301
In base 11, what is 37 - -293978?
293a04
In base 4, what is 10220001 - -3011?
10223012
In base 4, what is 2 + -10012322200?
-10012322132
In base 16, what is b46aa03 + 3?
b46aa06
In base 10, what is -24 + -1882800?
-1882824
In base 4, what is 323 + 3320312010?
3320312333
In base 16, what is 5850 - -301?
5b51
In base 5, what is 4142034 + 32414?
4230003
In base 8, what is 3221 + 2104?
5325
In base 6, what is 122035 - -34?
122113
In base 9, what is -2 + 6624752?
6624750
In base 4, what is -2123130332332 + -12?
-2123130333010
In base 8, what is 64233054 + 3?
64233057
In base 5, what is -102400421 - 102?
-102401023
In base 5, what is 142303 + -103110?
34143
In base 16, what is 39d2 + 422?
3df4
In base 5, what is -2101 + 34303133?
34301032
In base 3, what is 202012101220112222 - 10?
202012101220112212
In base 6, what is 33053532 - -144?
33054120
In base 15, what is -158923 + 3?
-158920
In base 9, what is -36 + 4187553?
4187516
In base 12, what is 7 + -13a25667?
-13a25660
In base 15, what is -1b0 - -7c610?
7c450
In base 15, what is -2 + 156220c?
156220a
In base 16, what is -24069 - -a53?
-23616
In base 8, what is 21155564 - -3?
21155567
In base 5, what is 3410032 - -223423?
4134010
In base 15, what is 66e + -d0b04?
-d0485
In base 12, what is -216827 + -81?
-2168a8
In base 16, what is -37deb72 + -4?
-37deb76
In base 14, what is 20 - -2c666?
2c686
In base 3, what is 1101211212122000 + -100?
1101211212121200
In base 3, what is 101201002000 + 11012?
101201020012
In base 15, what is 165c887 + -1?
165c886
In base 7, what is 130321603 - -21?
130321624
In base 8, what is 17 + -515072?
-515053
In base 5, what is 2313300333 - 2?
2313300331
In base 10, what is 403 - 111754?
-111351
In base 10, what is 110239 - 1041?
109198
In base 9, what is -2 - 32074640?
-32074642
In base 7, what is -432243 + -351?
-432624
In base 2, what is -10111011001101010 + -1110?
-10111011001111000
In base 5, what is 20142 - 121013?
-100321
In base 6, what is -3011145 - 10?
-3011155
In base 3, what is 11 - -100212120202022000?
100212120202022011
In base 7, what is 415 - 110315?
-106600
In base 13, what is -bb39 + -143?
-bc7c
In base 15, what is -122e7 - 26b?
-12563
In base 7, what is 562156635 + 4?
562156642
In base 2, what is -1001 + -110110101011101000111110?
-110110101011101001000111
In base 12, what is 397ba4a + -2?
397ba48
In base 2, what is -1000101011111100001111101111 - -1?
-1000101011111100001111101110
In base 8, what is -2 - 746320772?
-746320774
In base 2, what is 100011111111110000100 - 1?
100011111111110000011
In base 9, what is -248 + 10116477?
10116228
In base 11, what is -2 - 11913508?
-1191350a
In base 3, what is -120012020200211 + 0?
-120012020200211
In base 11, what is 51 + -10a70874?
-10a70823
In base 13, what is 61a061 + 2?
61a063
In base 8, what is 3201230747 - -4?
3201230753
In base 12, what is -8 + -71b3b42?
-71b3b4a
In base 11, what is 1 - 109241231?
-109241230
In base 10, what is -5 - 905329?
-905334
In base 16, what is e + b459c2?
b459d0
In base 11, what is 6210420 + 7?
6210427
In base 6, what is -210201 + -12505?
-223110
In base 14, what is 7 - -111ab1?
111ab8
In base 3, what is -101220122110010000 - -12?
-101220122110002211
In base 2, what is 11 + -11101001010001000011110?
-11101001010001000011011
In base 16, what is 5 + a2667?
a266c
In base 10, what is 6375 - -26516?
32891
In base 15, what is -1053506 - -1?
-1053505
In base 9, what is 128735083 + 8?
128735102
In base 8, what is -60 - 1155567?
-1155647
In base 14, what is 194ab - -3dd6?
1d4a3
In base 11, what is -1a8 + -3805?
-3a02
In base 8, what is -5 + 354111742?
354111735
In base 4, what is -10 - 23102111031?
-23102111101
In base 12, what is 301b853 - -5?
301b858
In base 12, what is 1 + b99101?
b99102
In base 14, what is 17074d + 2?
170751
In base 2, what is 1100011110111110111 + -1011?
1100011110111101100
In base 9, what is 237881 + 14?
238005
In base 11, what is -35 - 255a5a?
-255a94
In base 16, what is -81e522e - -1?
-81e522d
In base 16, what is 220a - -6833?
8a3d
In base 13, what is -29 + 4aa32a?
4aa301
In base 7, what is 4314026202 - -5?
4314026210
In base 12, what is 3 + 5470994?
5470997
In base 2, what is 1110100110101000101111011 + 10?
1110100110101000101111101
In base 11, what is -5 + 289143?
289139
In base 8, what is -23 - -3534721?
3534676
In base 12, what is -49 - 347547?
-347594
In base 9, what is -30610446 - -17?
-30610428
In base 2, what is -1001001100011100001000000 - 1?
-1001001100011100001000001
In base 9, what is 44 - -6218134?
6218178
In base 16, what is 3ae + -8353?
-7fa5
In base 7, what is 102521001 + -1?
102521000
In base 16, what is 37db1 + -e4?
37ccd
In base 15, what is -1 + -2b0e93?
-2b0e94
In base 10, what is -109327 - -152?
-109175
In base 2, what is 10 - 1000100001111101?
-100